at is the units digit of f(-12)?
1
Let y be (1/((-15)/6))/((-1)/10). What is the tens digit of 0 + (-153)/(-6) + y/8?
2
Let k(v) = v**2 - v. Let t(q) = -5*q**2 + 3*q + 4. Let a(b) = -4*k(b) - t(b). Let r be a(-3). Suppose -c - 18 = -2*z, r = c - 0. What is the units digit of z?
0
Suppose 7*p - 2*p = 10. Suppose -z + p = -2. Suppose 3*w - 27 = -m + z, 0 = -4*m - 3*w + 88. What is the units digit of m?
9
Let p(y) = 34*y - 274. What is the hundreds digit of p(19)?
3
Let z(n) = n + 41. Let i(s) = -s**2 + 6*s - 5. Suppose -5*g - 5*c + 10 = 0, 0 = 4*g + g - 2*c - 31. Let m be i(g). What is the tens digit of z(m)?
4
Suppose -9792 = 20*m - 26*m. What is the units digit of m?
2
Let g = -524 - -1986. What is the thousands digit of g?
1
Let p(h) = h**3 + 4*h**2 - 5*h. Let n be p(-6). Let c = n + 148. What is the tens digit of c?
0
Let z = 3004 + -1679. What is the units digit of z?
5
What is the tens digit of (1 - (-451)/3)*(-15)/(-2)?
3
Suppose -9*p = 86 - 3443. What is the tens digit of p?
7
Let n(m) = -m**3 + 5*m**2 - 5*m + 1. Let l be n(4). What is the units digit of 1/l*-2*93?
2
Let r = -16 + 9. Let z be -2 + 2 + (-2 - r). Suppose -2*w - 114 = -4*h, -4*h - w = -z*w - 116. What is the tens digit of h?
2
Suppose 0 = 4*m + 3*k - 529 - 478, 0 = -3*m + k + 752. What is the hundreds digit of m?
2
Let y be -3 + -3*(3 + -6). Suppose 4*d - 2*d + y = 0. Let s = d - -11. What is the units digit of s?
8
Let h(x) = x**3 + 3*x**2 + x - 9. Let q be h(-4). Let u be -4*6*(-4)/32. What is the units digit of q/2*(u + -7)?
8
What is the thousands digit of 2/4 + (-19405)/(-10)?
1
Let z(a) = 27*a - 10. Let y be z(8). Let g = y + -142. What is the tens digit of g?
6
Let z = -1174 + 1475. What is the tens digit of z?
0
Suppose m + t - 3440 = -2*t, 3442 = m + 5*t. What is the hundreds digit of m?
4
Suppose 2598 = 3*z + 3*u, 0 = z - 6*u + 4*u - 863. What is the tens digit of z?
6
What is the tens digit of (-853)/(-6) + -5 + 29/6?
4
Suppose 6*a - 1 - 11 = 0. Suppose -2*x + 321 = u + 77, -a*u = -4*x - 512. What is the hundreds digit of u?
2
Suppose -7*b - 127 = -29. What is the tens digit of (-2530)/(-35) + 4/b?
7
Let p(h) = 55*h**3 + 2*h**2 + 2*h + 1. Let w(a) = -a**3 + a**2 + a. Let f(z) = -p(z) + 2*w(z). What is the units digit of f(-1)?
6
Let z(k) = k**2 - 6*k - 3. Let p be z(5). What is the units digit of 61/2 - (-4)/p?
0
Let c = -3 - 3. Let u(d) = d**2 - 11. What is the units digit of u(c)?
5
Let z(c) = 126*c - 234. What is the tens digit of z(28)?
9
Let j(y) = 133*y + 77. What is the units digit of j(17)?
8
Let u(q) = q**2 + 2*q + 6. Suppose -3*m + 5*r + 2 = -m, 8 = -4*r. Let o be u(m). Suppose -5*t = -34 + o. What is the units digit of t?
4
Suppose -98*x = -102*x + 4460. What is the units digit of x?
5
Let g = 655 - 457. What is the hundreds digit of g?
1
Let i(o) = -o**3 - 26*o**2 + 22*o + 60. Let x = -22 - 5. What is the units digit of i(x)?
5
What is the tens digit of ((-22)/(-10) - 1)/(3/680)?
7
Let j = -18 - -21. Suppose -3*u + 173 = -5*z - 45, 0 = j*u + z - 194. What is the tens digit of u?
6
Let i(u) = 54*u + 1. Let k(n) = -n**2 + 5*n + 27. Let j be k(8). What is the tens digit of i(j)?
6
What is the tens digit of 7/98*-6*-1393?
9
Let r = 1122 - 289. What is the units digit of r?
3
Suppose 176 = -1474*r + 1482*r. What is the units digit of r?
2
Let j(o) = o**3 + 17*o**2 - 7*o - 31. What is the hundreds digit of j(-14)?
6
Let o(k) = 18*k**2 - 40*k - 49. What is the hundreds digit of o(-10)?
1
Suppose -6*c = -5*q - c + 145, -3 = -3*c. Suppose -2*p - 20 = -q. What is the units digit of p?
5
Let q = -31 - -34. Suppose 4*s - 148 = -5*u, -q*u + 76 = -0*s - 4*s. What is the units digit of u?
8
Suppose 3 = l + 1, 4*l - 43 = 5*n. Let m = 49 - n. What is the tens digit of m?
5
Suppose 16*t - 17*t = -4*l + 8911, 5*t + 6662 = 3*l. What is the units digit of l?
9
Let x = 779 - 96. What is the tens digit of x?
8
Let a(y) = -y**3 + 5*y**2 + 6*y + 1. Let w be a(6). Let g be 21/6 - w/2. Let n(k) = k**3 - 3*k**2 + 2*k + 2. What is the units digit of n(g)?
8
Let d(b) = 170*b - 848. What is the thousands digit of d(34)?
4
Suppose 2*j = 1 + 3. Suppose j*z + 5 = 351. What is the tens digit of z?
7
Suppose -4*m + 8*m = -2*s - 2210, -3*m - 4*s - 1660 = 0. Let h = -238 - m. What is the hundreds digit of h?
3
Let i(w) = w**2 + 7*w - 15. Let b be i(-12). Suppose b*n - 672 = 42*n. What is the hundreds digit of n?
2
Let w be 1/(3*(-1)/(-15)). Suppose 0 = -w*l + 75 - 15. Suppose 10*x = l*x - 18. What is the units digit of x?
9
Let d = 2 - -18. Suppose -3*o = 2*y - o - d, -2*y - 5*o = -35. Suppose -y*v = -134 + 44. What is the tens digit of v?
1
Suppose 3*r + 3*i - 2*i = 4, 5*r = -i + 4. Suppose r*m - t = -m + 8, 3*t = 4*m - 29. Let u = -3 + m. What is the units digit of u?
2
Let c = -15 + 10. Let m(k) = -26*k - 19. What is the units digit of m(c)?
1
Suppose 3 = 5*p - 12. Suppose 2*t + 5 = l, 2*l - 3 = -0*l - p*t. Suppose 0 = l*a + 3*f - 54, 0 = -0*a + a + 3*f - 12. What is the units digit of a?
1
Suppose 0 = -7*q + q + 876. Suppose -q = -4*p - 18. What is the tens digit of p?
3
Suppose -423 + 1127 = 11*k. What is the units digit of k?
4
Let y = 6 - 9. Let w be (9 + -12)/(y/(-34)). Let s = w + 53. What is the tens digit of s?
1
Let a = 1750 + 644. What is the thousands digit of a?
2
Suppose 0 = -40*s + 13499 + 34461. What is the thousands digit of s?
1
Let c be 112/(-21)*(-6)/4. Suppose p + c*p = 567. What is the units digit of p?
3
Suppose 2*d - 32 = -2*d. Let h = 13 - d. Let v(w) = 2*w + 4. What is the tens digit of v(h)?
1
Suppose 31 = 9*o - 608. Let j = 108 - o. What is the tens digit of j?
3
Let t(w) = w**2 - 2*w - 12. Let d be t(5). Suppose -d*g + 4*a = -4*g + 39, -2*a = 6. What is the tens digit of g?
5
Suppose 0 = 4*b - 9 + 1. Let o be 9/(-12)*b*-8. What is the units digit of (-24)/o*6/(-4)?
3
Let q(m) = -64*m - 26. Let v be q(-6). Suppose -r + 2*x + 0*x + 178 = 0, -2*r + 5*x = -v. What is the hundreds digit of r?
1
Suppose -26*p - 216 = -24*p. Let z = -33 - p. What is the tens digit of z?
7
What is the tens digit of (330 - -2) + -7 - 5/(-1)?
3
Let g = 14 + 78. Suppose -22*f + 35 = -17*f. Suppose -f*d + 3*d = -g. What is the units digit of d?
3
Let x be 1*6/(-4)*(-4)/3. Let m = x + 10. What is the units digit of m?
2
Let s(b) = 4*b - 8. Let z be s(4). Suppose z*r = 847 - 87. What is the tens digit of r?
9
Suppose -16*j + 12*j + 2788 = -2*a, 3*j - 2086 = -a. What is the units digit of j?
6
Suppose 0*y - 4*y = -12. Suppose -4*j - 32 = y*d, d - 1 = j - 0. What is the tens digit of ((-6)/d)/((-27)/(-450))?
2
Let k(n) = n**2 + n - 13. Let f be k(5). Suppose f*v = 16*v + 42. What is the tens digit of v?
4
Suppose x = 2*x + o - 5, -7 = -3*x + o. What is the units digit of (x - 15)/(6/(-81))?
2
Let w(i) = 3*i**2 - 3*i - 2. Let d(q) = -3*q**2 - 4*q - 4. Let h be d(-2). Let x(p) = -p**2 - 8*p - 1. Let t be x(h). What is the units digit of w(t)?
4
Let u = 344 - -295. What is the tens digit of u?
3
Let u = -247 - -368. Suppose -v + 2*f + 13 = 3, -1 = 2*v + 3*f. Suppose -3*d = -v*p - u, 6*d - 2*d + 4*p = 152. What is the units digit of d?
9
Let o(r) = -33*r + 39. Let q be o(6). Let u = -79 - q. What is the tens digit of u?
8
Let v(j) = j**3 - 9*j**2 - 20*j - 11. Let u be v(11). Suppose -u*q + 3*q + 344 = 0. What is the units digit of q?
3
Let f be ((-9)/((-45)/(-530)))/(-2). Suppose 2*y - 3*y + f = -4*c, 5*y - 249 = 4*c. What is the units digit of y?
9
Suppose -3*j + 7*y = 8*y - 2586, 2*y = -2*j + 1728. What is the units digit of j?
1
Suppose -3*n + 963 = 4*c - 13956, 6*n - 14922 = -4*c. What is the units digit of c?
9
Suppose 0 = 2*t + 3*y - 22, -t - 2*y = -11 - 1. What is the tens digit of 123 - (20/50 + t/5)?
2
Let b(q) = -q**2 - 6*q - 95. Let p(n) = -n - 1. Let u(l) = -b(l) + 4*p(l). What is the tens digit of u(0)?
9
Let g(y) = y**2 + 8*y - 3. Let u(x) = -x**2 - x - 1. Let w(a) = -g(a) - 3*u(a). Suppose 0 = -5*p - h + 15, p + 14 + 7 = -5*h. What is the tens digit of w(p)?
1
Let y(z) = -36*z + 100. What is the units digit of y(-9)?
4
Let l = -14 + 17. Suppose -2*m + 70 = -5*t + 7, l*t = -5*m + 111. What is the units digit of m?
4
Suppose -31*p + 15180 = 889. What is the hundreds digit of p?
4
Let d(o) = 6*o + 1. Let g be d(3). Let p = -1 + g. Let a = 25 - p. What is the units digit of a?
7